{"id":1804,"date":"2021-12-09T16:24:15","date_gmt":"2021-12-09T19:24:15","guid":{"rendered":"https:\/\/cienciasdoestado.direito.ufmg.br\/?page_id=1804"},"modified":"2021-12-09T17:57:01","modified_gmt":"2021-12-09T20:57:01","slug":"inscricao-para-colacao-de-grau","status":"publish","type":"page","link":"https:\/\/cienciasdoestado.direito.ufmg.br\/?page_id=1804","title":{"rendered":"Inscri\u00e7\u00e3o para Cola\u00e7\u00e3o de Grau"},"content":{"rendered":"<p><a href=\"https:\/\/cienciasdoestado.direito.ufmg.br\/wp-content\/uploads\/arquivos\/formularios\/inscricaocolacaograuce.pdf\">Inscri\u00e7\u00e3o de Cola\u00e7\u00e3o de Grau<\/a><\/p>\n<p class=\" text-justify\">O aluno que tem previs\u00e3o de formatura para o final do semestre em curso, deve preencher este formul\u00e1rio, anexar os documentos exigidos e entregar \u00e0 Se\u00e7\u00e3o de Ensino no prazo estipulado no calend\u00e1rio acad\u00eamico.<\/p>\n<p class=\" text-justify\">Prazo: Dispon\u00edvel no calend\u00e1rio acad\u00eamico vigente no semestre.<\/p>\n<p>Documentos: A rela\u00e7\u00e3o dos documentos necess\u00e1rios est\u00e3o no pr\u00f3prio formul\u00e1rio.<\/p>\n","protected":false},"excerpt":{"rendered":"<p>Inscri\u00e7\u00e3o de Cola\u00e7\u00e3o de Grau O aluno que tem previs\u00e3o de formatura para o final do semestre em curso, deve preencher este formul\u00e1rio, anexar os documentos exigidos e entregar \u00e0&hellip;<\/p>\n","protected":false},"author":2,"featured_media":0,"parent":0,"menu_order":0,"comment_status":"closed","ping_status":"closed","template":"","meta":{"footnotes":""},"class_list":["post-1804","page","type-page","status-publish","hentry"],"publishpress_future_action":{"enabled":false,"date":"2026-05-09 09:00:00","action":"change-status","newStatus":"draft","terms":[],"taxonomy":"","extraData":[]},"publishpress_future_workflow_manual_trigger":{"enabledWorkflows":[]},"_links":{"self":[{"href":"https:\/\/cienciasdoestado.direito.ufmg.br\/index.php?rest_route=\/wp\/v2\/pages\/1804","targetHints":{"allow":["GET"]}}],"collection":[{"href":"https:\/\/cienciasdoestado.direito.ufmg.br\/index.php?rest_route=\/wp\/v2\/pages"}],"about":[{"href":"https:\/\/cienciasdoestado.direito.ufmg.br\/index.php?rest_route=\/wp\/v2\/types\/page"}],"author":[{"embeddable":true,"href":"https:\/\/cienciasdoestado.direito.ufmg.br\/index.php?rest_route=\/wp\/v2\/users\/2"}],"replies":[{"embeddable":true,"href":"https:\/\/cienciasdoestado.direito.ufmg.br\/index.php?rest_route=%2Fwp%2Fv2%2Fcomments&post=1804"}],"version-history":[{"count":0,"href":"https:\/\/cienciasdoestado.direito.ufmg.br\/index.php?rest_route=\/wp\/v2\/pages\/1804\/revisions"}],"wp:attachment":[{"href":"https:\/\/cienciasdoestado.direito.ufmg.br\/index.php?rest_route=%2Fwp%2Fv2%2Fmedia&parent=1804"}],"curies":[{"name":"wp","href":"https:\/\/api.w.org\/{rel}","templated":true}]}}