{"id":2663,"date":"2023-06-26T16:07:49","date_gmt":"2023-06-26T19:07:49","guid":{"rendered":"https:\/\/cienciasdoestado.direito.ufmg.br\/?page_id=2663"},"modified":"2023-06-27T18:18:44","modified_gmt":"2023-06-27T21:18:44","slug":"disciplinas-optativas-2021-1","status":"publish","type":"page","link":"https:\/\/cienciasdoestado.direito.ufmg.br\/?page_id=2663","title":{"rendered":"Disciplinas Optativas 2021\/1\u00b0"},"content":{"rendered":"<h3>T\u00d3PICOS EM REDES SOCIAIS: Administra\u00e7\u00e3o P\u00fablica Consensual<\/h3>\n<ul>\n<li>C\u00f3digo: DIP 230<\/li>\n<li>Departamento: Direito P\u00fablico<\/li>\n<li>Carga hor\u00e1ria total: 30 h\/a<\/li>\n<li>Cr\u00e9ditos: 02<\/li>\n<\/ul>\n<h6>Conte\u00fado program\u00e1tico:<\/h6>\n<p>Unidade I \u2013 Consensualismo nas rela\u00e7\u00f5es jur\u00eddico-administrativas Carga Hor\u00e1ria:<br \/>\n1.1 . Evolu\u00e7\u00e3o da principiologia nas rela\u00e7\u00f5es jur\u00eddico-administrativas<br \/>\n1.2 . Nova face da Administra\u00e7\u00e3o P\u00fablica no s\u00e9culo XXI<br \/>\nUnidade II \u2013 Espa\u00e7o de negocia\u00e7\u00e3o na esfera estatal Carga Hor\u00e1ria: 8H<br \/>\n2.1. Consenso e legalidade<br \/>\n2.2. Negocia\u00e7\u00e3o e limites de atividade administrativa<br \/>\nUnidade III \u2013 Composi\u00e7\u00e3o de conflitos na esfera p\u00fablica Carga Hor\u00e1ria: 14H<br \/>\n3.1. Compreens\u00e3o e evolu\u00e7\u00e3o dos fundamentos da autocomposia\u00e7\u00e3o dos conflitos na esfera p\u00fablica<br \/>\n3.2. Diversidade dos instrumentos de composi\u00e7\u00e3o de conflitos<\/p>\n<h6>Bibliografia b\u00e1sica:<\/h6>\n<p>BANDEIRA DE MELLO, Celso Ant\u00f4nio. Curso de Direito Administrativo. 27. ed. S\u00e3o Paulo: Malheiros, 2010.<br \/>\nDI PIETRO, Maria Sylvia Zanella. Direito Administrativo. 25. ed. S\u00e3o Paulo: Atlas, 2012.<br \/>\nSOARES, Fabiana de Menezes. Direito administrativo de participa\u00e7\u00e3o: cidadania, direito, Estado e Munic\u00edpio. Belo Horizonte, 1997.<br \/>\nBibliografia complementar:<br \/>\nALMEIDA, Fernando Dias Menezes de. Mecanismos de consenso no direito administrativo. In: Arag\u00e3o,<br \/>\nAlexandre Santos de; MARQUES NETO, Floriano de Azevedo (Coord.). Direito Administrativo e seus novos paradigmas. Belo Horizonte: F\u00f3rum, 2008.<\/p>\n<p>BATISTA, Nadia Cristina. Media\u00e7\u00e3o e arbitragem: autocomposi\u00e7\u00e3o de conflitos no \u00e2mbito da Administra\u00e7\u00e3o<br \/>\nP\u00fablica. F\u00f3rum de Contrata\u00e7\u00e3o e Gest\u00e3o P\u00fablica \u2013 FCGP, Belo Horizonte, ano 19, n. 220, p. 50-65, abr. 2020.<br \/>\nBAPTISTA, Patr\u00edcia. Transforma\u00e7\u00e3o do Direito Administrativo. Rio de Janeiro: Renovar, 2003.<br \/>\nCANETTI, Rafaela Coutinho. Acordo de Leni\u00eancia. 2.ED.. Belo Horizonte: F\u00f3rum, 2019.<br \/>\nCAVALIERI, Davi Valdetaro Gomes. Governan\u00e7a e compliance como vetores de condu\u00e7\u00e3o de uma Nova<br \/>\nAdministra\u00e7\u00e3o P\u00fablica. In: DAL POZZO, Augusto Neves; MARTINS, Ricardo Marcondes (Coord.). Aspectos<br \/>\ncontrovertidos do compliance na Administra\u00e7\u00e3o P\u00fablica. Belo Horizonte: F\u00f3rum, 2020. p. 77-92. ISBN 978-65-5518-044-2<br \/>\nCU\u00c9LLAR, Leila; MOREIRA, Egon Bockmann. Administra\u00e7\u00e3o P\u00fablica e media\u00e7\u00e3o: notas fundamentais. Revista de Direito P\u00fablico da Economia \u2013 RDPE, Belo Horizonte, ano 16, n. 61, p. 119-145, jan.\/mar. 2018.<br \/>\nGABARDO, Emerson. O princ\u00edpio da supremacia do interesse p\u00fablico sobre o interesse privado como fundamento do Direito Administrativo Social. Revista de Investiga\u00e7\u00f5es Constitucionais. Volume 4. N. 2.<br \/>\nMaio\/agosto 2017 (https:\/\/revistas.ufpr.br\/rinc\/article\/view\/53437).<br \/>\nGALIL, Jo\u00e3o Victor Tavares. Espa\u00e7o de negocia\u00e7\u00e3o no cumprimento da fun\u00e7\u00e3o estatal. Revista Brasileira de<br \/>\nInfraestrutura \u2013 RBINF, Belo Horizonte, ano 8, n. 16, p. 143-160, jul.\/dez. 2019.<br \/>\nMOREIRA NETTO, Diogo de Figueiredo. Novas tend\u00eancias da democracia: consenso e direito p\u00fablico na virada do s\u00e9culo &#8211; o caso brasileiro. Revista Brasileira de Direito P\u00fablico &#8211; RBDP, Belo Horizonte, ano 1, n. 3, p. 35-53, out.\/dez. 2003.<br \/>\nOLIVEIRA, Gustavo Justino de; SCHWANKA, Cristiane. A administra\u00e7\u00e3o consensual como a nova face da administra\u00e7\u00e3o p\u00fablica no s\u00e9culo XXI: fundamentos dogm\u00e1ticos, formas de express\u00e3o e instrumentos de a\u00e7\u00e3o.<br \/>\nA&amp;C Revista de Direito Administrativo &amp; Constitucional, Belo Horizonte, ano 8, n. 32, p. 31-50, abr.\/jun. 2008.<br \/>\nOLIVEIRA, Rafael Carvalho Rezende. A arbitragem nos contratos da Administra\u00e7\u00e3o P\u00fablica e a Lei n\u00ba 13.129\/2015: novos desafios. Revista Brasileira de Direito P\u00fablico \u2013 RBDP, Belo Horizonte, ano 13, n. 51, p. 59-79, out.\/dez. 2015.<br \/>\nPIRES, Maria Coeli Sim\u00f5es. Transpar\u00eancia e responsabilidade na gest\u00e3o p\u00fablica. Revista do Tribunal de Contas do Estado de Minas Gerais, v. 81, n. 4. Belo Horizonte: out\/nov\/dez, 2011, p. 60 -74.<br \/>\nSCHIRATO, Vitor Rhein. PALMA, Juliana Bonacorsi de. Consenso e legalidade: vincula\u00e7\u00e3o da atividade administrativa consensual ao direito. Revista Eletr\u00f4nica sobre a reforma do Estado (RERE), Salvador, Instituto Brasileiro de Direito P\u00fablico, n\u00ba 24, dezembro, janeiro, fevereiro, 2011<br \/>\n(http:\/\/www.direitodoestado.com\/revista\/RERE-24-dezembro-janeiro-fevereiro-2011-VITOR-JULIANA.pdf)<br \/>\nZENKNER, Marcelo. Sistemas p\u00fablicos de integridade: evolu\u00e7\u00e3o e moderniza\u00e7\u00e3o da Administra\u00e7\u00e3o P\u00fablica brasileira. In: ZENKNER, Marcelo; CASTRO, Rodrigo Pironti Aguirre de (Coord.). Compliance no setor p\u00fablico. Belo Horizonte: F\u00f3rum, 2020. p. 185-200. ISBN 978-85-450-0740-1.<\/p>\n<h3>LegisLab ( Legisla\u00e7\u00e3o e Pol\u00edticas P\u00fablicas)\u2013 Pr\u00e1ticas Legislativas<\/h3>\n<ul>\n<li>C\u00f3digo: DIT085<\/li>\n<li>Departamento: Departamento de Introdu\u00e7\u00e3o ao Estudo do Direito e Direito do Trabalho<\/li>\n<li>Carga hor\u00e1ria total: 45 h\/a<\/li>\n<li>Cr\u00e9ditos: 03<\/li>\n<\/ul>\n<h6>EMENTA<\/h6>\n<p>Pr\u00e1tica Legislativa e Metodologia da Leg\u00edstica. Ciclo de Pol\u00edticas P\u00fablicas &amp; Atos Normativos. Dados em Elabora\u00e7\u00e3o Legislativa.<br \/>\nGrupos de Interesse. Linguagem Cidad\u00e3 ( Plain Language). Metodologia de Estudo do Caso\/Problema. Desenho de propostas<br \/>\nde a\u00e7\u00f5es legislativo-regulat\u00f3rias.<\/p>\n<h6>CONTE\u00daDO PROGRAM\u00c1TICO<\/h6>\n<p>Unidades I, II, III, \u2013 Te\u00f3rica<br \/>\nUnidade IV \u2013 Te\u00f3rica e Pr\u00e1tica<br \/>\nUnidade V \u2013 Pr\u00e1tica<br \/>\nUnidade I &#8211; Pr\u00e1tica Legislativa e Metodologia da Leg\u00edstica. Te\u00f3rica<br \/>\nUnidade II Dados em elabora\u00e7\u00e3o legislativa e Linguagem Cidad\u00e3<br \/>\nUnidade III &#8211; Grupos de Interesse<\/p>\n<p>Unidade IV Metodologia de Estudo do Caso (Reconstru\u00e7\u00e3o do Cen\u00e1rio, mapeamento de afetados, Modeliza\u00e7\u00e3o Causal<br \/>\netc.)<br \/>\nUnidade V. Desenho de propostas de solu\u00e7\u00f5es dos casos selecionado, mapeamento dos afetados e das causas\/ vari\u00e1veis do problema, relatoria t\u00e9cnica final dos casos<\/p>\n<h6>Bibliografia B\u00e1sica<\/h6>\n<p>Assembleia da Repu\u0301blica Lisboa &#8211; Guia de Legi\u0301stica para a elaborac\u0327a\u0303o de atos normativos, 2020 (eletr\u00f4nico)<br \/>\nBERNARDES JUNIOR, Jos\u00e9 Alcione. O controle jurisdicional do processo legislativo. Belo Horizonte: F\u00f3rum, 2009.<br \/>\nBERNARDI, Jorge. O Processo Legislativo Brasileiro. 1\u00aa Edi\u00e7\u00e3o. Curitiba: Ipex, 2009.<br \/>\nCATTONI DE OLIVEIRA, Marcelo Andrade. Devido Processo Legislativo. Belo Horizonte: Mandamentos, 2000. Tayrara, Talita Lemos, Adamo Dias Alves,<br \/>\nENTRE O CONTROLE DE CONSTITUCIONALIDADE E O PROCESSO LEGISLATIVO: LEGITIMIDADE E VALIDADE , Revista Paradigma: v. 24 n. 1 (2015)<br \/>\nEstudos de Leg\u00edstica \u2013 Orgs Fabiana de Menezes Soares, Cristiane Silva Kaitel, Esther Eyng Prete. https:\/\/www.observalei.net.br\/ambito-do-observatorio\/estudos-em-legistica ISBN 978-972-556-712-8<br \/>\nINACIO, Magna.; REZENDE, Daniela. Partidos legislativos e governo de coaliz\u00e3o: controle horizontal das pol\u00edticas p\u00fablicas. Opiniao Publica 21(2):296-335DOI: 10.1590\/1807-01912015212296 &lt; https:\/\/www.researchgate.net\/publication\/281257501_Partidos_legislativos_e_governo_de_coalizao_controle_horizontal_das_politicas_publicas<br \/>\nNICACIO, Camila Silva. A formalizac\u0327a\u0303o da intolera\u0302ncia religiosa em registros policiais: retrato de um problema em (des)construc\u0327a\u0303o.. SSN Eletro\u0302nico: 2316-1329 https:\/\/doi.org\/10.31560\/2316-1329.102.3 Contempora\u0302nea v. 10, n. 2 p. 557-583 Maio\u2013Ago. 2020<br \/>\nSANTOS, Manoel e outros. LOBBYING NO BRASIL: PROFISSIONALIZA\u00c7\u00c3O, ESTRAT\u00c9GIAS E INFLU\u00caNCIA. Texto de Discuss\u00e3o 2234- IPEA Rio de<br \/>\nJaneiro, setembro de 2017 &#8211; https:\/\/www.ipea.gov.br\/portal\/images\/stories\/PDFs\/TDs\/td_2334_sumex.pdf<br \/>\nSILVA, Eduardo Moreira. O desenho institucional dos conselhos nas cidades brasileiras de pequeno e m\u00e9dio porte: gest\u00e3o de pol\u00edticas<br \/>\np\u00fablicas no poder local. Revista do Servi\u00e7o P\u00fablico n.69, p 179-208, 2018.<br \/>\nSOARES, M\u00e1rcia Miranda e MACHADO, Jos\u00e9 \u00c2ngelo. Federalismo e Pol\u00edticas P\u00fablicas \u2013 Bras\u00edlia: Enap, 2018, 112p. http:\/\/repositorio.enap.gov.br\/handle\/1\/3331<br \/>\nSOARES, Fabiana de Menezes; KAITEL, Cristiane Silva; PRETE, Esther Eyng. Estudos de Leg\u00edstica.&lt; https:\/\/www.observalei.net.br\/ambito-doobservatorio\/<br \/>\nestudos-em-legistica&gt;<br \/>\nSOARES, Fabiana de Menezes; Oliveira, Tha\u00eds de Bessa Gontijo; Maciel, Caroline St\u00e9phanie Francis dos Santos. Regimentos parlamentares do Mundo: Sistemas Jur\u00eddicos e A\u00e7\u00e3o legislativa. &lt;https:\/\/dspace.almg.gov.br\/handle\/11037\/29851&gt;<\/p>\n<h3>TOPICOS EM FUNDAMENTOS DA SOCIEDADE DEMOCRATICA &#8211; Introdu\u00e7\u00e3o \u00e0 Ci\u00eancia da Seguran\u00e7a P\u00fablica: Seguran\u00e7a Nacional e Defesa Social<\/h3>\n<ul>\n<li>C\u00f3digo: DIT087<\/li>\n<li>Departamento: Departamento de Introdu\u00e7\u00e3o ao Estudo do Direito e Direito do Trabalho<\/li>\n<li>Carga hor\u00e1ria total: 30 h\/a<\/li>\n<li>Cr\u00e9ditos: 02<\/li>\n<\/ul>\n<h6>EMENTA<\/h6>\n<p>A disciplina busca desenvolver conhecimento cr\u00edtico do aluno em rela\u00e7\u00e3o aos conceitos de seguran\u00e7a p\u00fablica, direito e seguran\u00e7a p\u00fablica, defesa interna e seguran\u00e7a nacional, atrav\u00e9s do estudo de conceitos gerais e espec\u00edficos,<br \/>\npol\u00edticas p\u00fablicas, planejamento e debate sobre o tema de seguran\u00e7a p\u00fablica;<\/p>\n<h6>CONTE\u00daDO PROGRAM\u00c1TICO<\/h6>\n<p>UNIDADE 1 \u2013 Elementos fundamentais da Seguran\u00e7a publica<br \/>\n\u2192 Geoestrat\u00e9gia nacional:<br \/>\n\u2192 Pol\u00edtica de seguran\u00e7a:<br \/>\n\u2192Direito da seguran\u00e7a nacional:<br \/>\nUNIDADE 2 \u2013 Direito penal e funcionamento do sistema<br \/>\n\u2192 Policiologia e sistemas de seguran\u00e7a;<br \/>\n\u2192 Intelig\u00eancia de seguran\u00e7a e segredo de Estado;<br \/>\n\u2192 Direito Penal do Inimigo \u2013 Law fair ;<br \/>\nUNIDADE 3 \u2013 Pol\u00edticas de seguran\u00e7a e atua\u00e7\u00e3o pol\u00edtica<br \/>\n\u2192 Democracia e seguran\u00e7a p\u00fablica;<br \/>\n\u2192 Planejamento da seguran\u00e7a p\u00fablica;<\/p>\n<p>\u2192 Elementos futuros da seguran\u00e7a p\u00fablica;<\/p>\n<h6>BIBLIOGRAFIA<\/h6>\n<p>BASE:<br \/>\n\u25aa BOBBIO, Norberto. Democracia e Segredo. Trad Marco Aur\u00e9lio Nogueira. 1\u00aa Ed. S\u00e3o Paulo: Editora Unesp,2015;<br \/>\n\u25aa CAMARGO, Enjolras Jos\u00e9 de Castro. Estudo de problemas brasileiros. Rio de Janeiro: Biblioteca do Ex\u00e9rcito, 1979;<br \/>\n\u25aa GUIMAR\u00c3ES, Samuel Pinheiro. Desafio Brasileiros na era dos Gigantes. Rio de Janeiro: Contraponto, 2005;<br \/>\n\u25aa HUNTINGTON, Samuel P. O Soldado e o Estado: teoria e pol\u00edtica das rela\u00e7\u00f5es entre civis e militares. 2\u00aa ed. Rio de Janeiro: Biblioteca do Ex\u00e9rcito;<br \/>\n\u25aa MEIRELES, Amauri. (IN)Seguran\u00e7a Social \u2013 \u00c9 imposs\u00edvel ficar indiferente. Belo Horizonte: Diplomata Livros, 2015;<br \/>\n\u25aa PESSOA, Mario. O Direito da Seguran\u00e7a Nacional. S\u00e3o Paulo: Revista dos tribunais, 1971;<br \/>\n\u25aa PEREIRA, Eliomar Da silva. Introdu\u00e7\u00e3o \u00e0s Ci\u00eancias policiais: Policia entre ci\u00eancia e Pol\u00edtica. 2\u00aa ed, S\u00e3o Paulo: Almedina, 2019;<br \/>\n\u25aa SOUZA, Cesar Alberto; ALBUQUERQUE, Marinson Luiz. Seguran\u00e7a p\u00fablica: Hist\u00f3rico, realidade e desafios. S\u00e3o Paulo: InterSaberes, 2017;<br \/>\n\u25aa FABRETTI, Humberto Barrionuevo. Seguran\u00e7a P\u00fablica: fundamentos Jur\u00eddicos e constitucional. Rio de Janeiro: Atlas, 2013;<br \/>\n\u25aa FILOCRE, Lincoln D`Aquino. Direito de seguran\u00e7a P\u00fablica: Limites Jur\u00eddicos para pol\u00edticas de seguran\u00e7a P\u00fablica, S\u00e3o Paulo: Almedina, 2010;<br \/>\nCOMPLEMENTAR:<br \/>\n\u25aa MARSHALL, Tim. Prisioneiros da geografia: 10 mapas que explicam tudo o que voc\u00ea precisa saber sobre a pol\u00edtica global. Trad Maria Luiza Borges. 1\u00aa ed. Rio de Janeiro: Zahar, 2018;<br \/>\n\u25aa GROPPALLI, Alexandre. Doutrina do Estado. Trad Paulo Edmur de Souza Queiroz. 2\u00aa ed. S\u00e3o Paulo: Saraiva, 1968;<br \/>\n\u25aa ANDREUCCI, Ricardo Antonio. Legisla\u00e7\u00e3o penal especial, 14\u00aa ed. S\u00e3o Paulo: Saraivar Jur, 2019;<\/p>\n<div dir=\"ltr\">\n<h3>TOPICOS EM REDES SOCIAS &#8211; Individualismo, opini\u00e3o e virtualidade na artificializa\u00e7\u00e3o da vida<\/h3>\n<\/div>\n<div><\/div>\n<div>\n<ul>\n<li>C\u00f3digo: DIP230<\/li>\n<li>Departamento: Direito P\u00fablico<\/li>\n<li>Carga hor\u00e1ria total: 30 h\/a<\/li>\n<li>Cr\u00e9ditos: 02<\/li>\n<\/ul>\n<h6 dir=\"ltr\">Ementa<\/h6>\n<div dir=\"ltr\"><\/div>\n<div dir=\"ltr\">\n<p>O indiv\u00edduo contempor\u00e2neo da era do consumo. Redes sociais e as novas rela\u00e7\u00f5es pessoais. Algoritmo e direcionamento social. Artificialidade da vida e vazio existencial.<\/p>\n<div><\/div>\n<h6>Conte\u00fado\/Unidades de Ensino:<\/h6>\n<div><\/div>\n<div>Unidade 1. Consumo, individualismo e sociedade. Unidade 2. Redes Sociais, virtualidade e algoritmo. Unidade 3. Artificialidade da vida e vazio existencial.<\/div>\n<h6><\/h6>\n<h6>Bibliografia<\/h6>\n<div><\/div>\n<div>BAUDRILLARD, Jean. A sociedade de consumo. Lisboa, Edi\u00e7\u00f5es 70, 2014. BAUMAN, Zigmunt. Vida para consumo: a transforma\u00e7\u00e3o das pessoas em mercadoria. Rio de Janeiro: Zahar Ed., 2008. DEBORD, Guy. A sociedade do espet\u00e1culo. Tradu\u00e7\u00e3o, Estela dos Santos Abreu. Rio de Janeiro: Contraponto, 2012. LLOSA, Mario Vargas. A civiliza\u00e7\u00e3o do espet\u00e1culo. Rio de Janeiro: Objetiva, 2012. LIPOVETISKY, Gilles. A Era do Vazio: Ensaios sobre o Individualismo Contempor\u00e2neo, Manole, 2005. ZUBOFF Shoshana. A Era do Capitalismo de Vigil\u00e2ncia: A luta por um futuro humano na nova fronteira do poder, Intr\u00ednseca, 2021.<\/div>\n<\/div>\n<\/div>\n<div><\/div>\n<h3>T\u00d3PICOS EM ESTUGOS ESTRAT\u00c9GICOS: HENRY KISSINGER E A CHINA<\/h3>\n<div><\/div>\n<div>\n<ul>\n<li>C\u00f3digo: DIR098<\/li>\n<li>Departamento: Direito P\u00fablico<\/li>\n<li>Carga hor\u00e1ria total: 30 h\/a<\/li>\n<li>Cr\u00e9ditos: 02<\/li>\n<\/ul>\n<h6 dir=\"ltr\">EMENTA<\/h6>\n<div dir=\"ltr\">Conhecimento do proceder pol\u00edtico diplom\u00e1tico de Henry Kissinger com a<br \/>\nCHINA a partir de 1971 e o papel atual do EUA com o Ocidente no que diz respeito ao relacionamento diplom\u00e1tico com a China em \u00e2mbito regional e global.<\/p>\n<div><\/div>\n<h6>Conte\u00fado\/Unidades de Ensino:<\/h6>\n<div>Unidade 1. Breve Hist\u00f3rico da Hist\u00f3ria Chinesa<br \/>\nUnidade 2. O pensamento diplom\u00e1tico de Henry Kissinger<br \/>\nUnidade 3. A geopol\u00edtica americana p\u00f3s 1945<br \/>\nUnidade 4. A China e o Ocidente<br \/>\nUnidade 5. Rumo \u00e0 Reconcilia\u00e7\u00e3o<\/div>\n<div>Unidade 6. A quase alian\u00e7a: a era Mao<br \/>\nUnidade 7. O moderno Deng<br \/>\nUnidade 8. Reagan e o advento da normalidade<br \/>\nUnidade 9. A jornada rumo \u00e0 reconcilia\u00e7\u00e3o<br \/>\nUnidade 10. Perspectivas Geoestrat\u00e9gicas de uma Comunidade Pac\u00edfica<\/div>\n<h6><\/h6>\n<h6>Bibliografia B\u00e1sica<\/h6>\n<div>KISSINGER, Henry. Mem\u00f3rias: 3\u00b0 volume: Anos de Renova\u00e7\u00e3o. Rio de Janeiro:Univercidade: Topbooks,2001.<br \/>\nKISSINGER, Henry. Ordem Mundial. Rio de Janeiro: Objetiva, 2015.<br \/>\nKISSINGER, Henry. Sobre a China. Rio de Janeiro: Objetiva, 2011.<br \/>\nKISSINGER, Henry. Diplomacia. S\u00e3o Paulo: Saraiva, 2012.<br \/>\nTALLARICO, Rafael, TEIXEIRA, Carla Fabr\u00edcia; CALDEIRA, Elane Cristina. A Ideia de Diplomacia em Henry Kissinger. Belo Horizonte: D&#8217;Pl\u00e1cido, 2015.<br \/>\nTALLARICO, Rafael; RIBEIRO, Sirlei Brito. Kissinger e a \u00c9tica Ocidental. Belo Horizonte: D&#8217;Pl\u00e1cido,2016<br \/>\nTALLARICO, Rafael; RIBEIRO, Sirlei. Soberania e Diplomacia; Perspectivas<br \/>\nContempor\u00e2neas no Pensamento de Henry Kissinger. Belo Horizonte: D&#8217;Pl\u00e1cido, 2016.<\/div>\n<\/div>\n<div>\n<p>&nbsp;<\/p>\n<h3>TOPICOS EM FILOSOFIA DO DIREITO E DO ESTADO &#8211; O bicenten\u00e1rio da Independ\u00eancia: ainda existe espa\u00e7o para as Ast\u00facias da Raz\u00e3o?<\/h3>\n<ul>\n<li>C\u00f3digo: DIT086<\/li>\n<li>Departamento: Direito do Trabalho<\/li>\n<li>Carga hor\u00e1ria total: 30 h\/a<\/li>\n<li>Cr\u00e9ditos: 02<\/li>\n<\/ul>\n<h6><strong>Ementa\u00a0<\/strong><\/h6>\n<p>TOPICOS EM FILOSOFIA DO DIREITO E DO ESTADO: Poder, Pol\u00edtica e Liberdade nos 200 anos da Independ\u00eancia. A rica interdisciplinaridade que constitui a hist\u00f3ria do Estado brasileiro.<\/p>\n<h6><strong>Conte\u00fado\/Unidades de Ensino:<\/strong><\/h6>\n<p>Revolu\u00e7\u00f5es e Movimentos pol\u00edticos; Literatura, Pol\u00edtica e Poder; Escraviza\u00e7\u00e3o e resili\u00eancia; Tradi\u00e7\u00e3o e inova\u00e7\u00e3o; Hist\u00f3ria da liberdade no Brasil. partidos pol\u00edticos.<\/p>\n<\/div>\n<h6 dir=\"ltr\">Bibliografia<\/h6>\n<div dir=\"ltr\"><\/div>\n<div dir=\"ltr\">ADORNO, S\u00e9rgio. Os Aprendizes do Poder: O Bacharelismo Liberal na Pol\u00edtica Brasileira. S\u00e3o Paulo: Editora da Universidade de S\u00e3o Paulo, 2019.<br \/>\nCARVALHO, Jos\u00e9 Murilo de. A constru\u00e7\u00e3o da ordem: a elite pol\u00edtica imperial. Teatro de sombras: a pol\u00edtica imperial. 14\u00aa ed. Rio de Janeiro: Civiliza\u00e7\u00e3o Brasileira, 2020.<br \/>\nCARVALHO, Jos\u00e9 Murilo de. D. Pedro II. S\u00e3o Paulo: Companhia das Letras, 2007.<br \/>\nCUNHA, Luiz Ant\u00f4nio. A universidade tempor\u00e3: o ensino superior, da Col\u00f4nia \u00e0 Era<br \/>\nVargas. 3.ed. S\u00e3o Paulo: Editora UNESP, 2007.<br \/>\nFAORO, Raymundo. Os donos do poder: forma\u00e7\u00e3o do patronato pol\u00edtico brasileiro. S\u00e3o Paulo: Globo, 2012.<br \/>\nFREYRE, Gilberto. Casa-grande &amp;amp; senzala: forma\u00e7\u00e3o da fam\u00edlia brasileira sob regime da economia patriarcal. S\u00e3o Paulo: Global, 2006.<br \/>\nFREYRE, Gilberto. Sobrados e Mucambos: decad\u00eancia do patriarcado e desenvolvimento do urbano. S\u00e3o Paulo: Global, 2004.<\/p>\n<div>LYNCH, Christian Edward Cyril. Monarquia sem despotismo e liberdade sem anarquia: o pensamento pol\u00edtico do Marqu\u00eas de Caravelas (1821-1836). Belo Horizonte: Editora UFMG, 2014.<br \/>\nLYNCH, Christian Edward Cyril. Saquaremas e Luzias: a sociologia do desgosto com o Brasil. Insight Intelig\u00eancia, Rio de Janeiro, v. 55, p. 21-37, 2011.<br \/>\nMARTINS, Lu\u00eds. O patriarca e o bacharel. S\u00e3o Paulo: Alameda, 2008.<br \/>\nNABUCO, Joaquim. Um estadista do Imp\u00e9rio: Nabuco de Ara\u00fajo: sua vida, suas opini\u00f5es, sua \u00e9poca, por seu filho Joaquim Nabuco (Tomo 1). Rio de Janeiro: H. Garnier, 1897.<br \/>\nRIBEIRO, Darcy. O povo brasileiro: a forma\u00e7\u00e3o e o sentido do Brasil. S\u00e3o Paulo: Global, 2015.<br \/>\nSCHWARZ, Roberto. Ao vencedor as batatas: forma liter\u00e1ria e processo social nos in\u00edcios do romance brasileiro. S\u00e3o Paulo: Editora 34, 2012.<br \/>\nSOUZA, Ot\u00e1vio Tarqu\u00ednio de. Jos\u00e9 Bonif\u00e1cio. Belo Horizonte: Itatiaia; S\u00e3o Paulo: Editora da Universidade de S\u00e3o Paulo, 1988.<br \/>\nVENANCIO FILHO, Alberto. Das arcadas ao bacharelismo: 150 anos de ensino jur\u00eddico no Brasil. S\u00e3o Paulo: Perspectiva, 2011.<\/div>\n<\/div>\n<\/div>\n","protected":false},"excerpt":{"rendered":"<p>T\u00d3PICOS EM REDES SOCIAIS: Administra\u00e7\u00e3o P\u00fablica Consensual C\u00f3digo: DIP 230 Departamento: Direito P\u00fablico Carga hor\u00e1ria total: 30 h\/a Cr\u00e9ditos: 02 Conte\u00fado program\u00e1tico: Unidade I \u2013 Consensualismo nas rela\u00e7\u00f5es jur\u00eddico-administrativas Carga&hellip;<\/p>\n","protected":false},"author":2,"featured_media":0,"parent":0,"menu_order":0,"comment_status":"closed","ping_status":"closed","template":"","meta":{"footnotes":""},"class_list":["post-2663","page","type-page","status-publish","hentry"],"publishpress_future_action":{"enabled":false,"date":"2026-05-09 19:43:45","action":"change-status","newStatus":"draft","terms":[],"taxonomy":"","extraData":[]},"publishpress_future_workflow_manual_trigger":{"enabledWorkflows":[]},"_links":{"self":[{"href":"https:\/\/cienciasdoestado.direito.ufmg.br\/index.php?rest_route=\/wp\/v2\/pages\/2663","targetHints":{"allow":["GET"]}}],"collection":[{"href":"https:\/\/cienciasdoestado.direito.ufmg.br\/index.php?rest_route=\/wp\/v2\/pages"}],"about":[{"href":"https:\/\/cienciasdoestado.direito.ufmg.br\/index.php?rest_route=\/wp\/v2\/types\/page"}],"author":[{"embeddable":true,"href":"https:\/\/cienciasdoestado.direito.ufmg.br\/index.php?rest_route=\/wp\/v2\/users\/2"}],"replies":[{"embeddable":true,"href":"https:\/\/cienciasdoestado.direito.ufmg.br\/index.php?rest_route=%2Fwp%2Fv2%2Fcomments&post=2663"}],"version-history":[{"count":9,"href":"https:\/\/cienciasdoestado.direito.ufmg.br\/index.php?rest_route=\/wp\/v2\/pages\/2663\/revisions"}],"predecessor-version":[{"id":2705,"href":"https:\/\/cienciasdoestado.direito.ufmg.br\/index.php?rest_route=\/wp\/v2\/pages\/2663\/revisions\/2705"}],"wp:attachment":[{"href":"https:\/\/cienciasdoestado.direito.ufmg.br\/index.php?rest_route=%2Fwp%2Fv2%2Fmedia&parent=2663"}],"curies":[{"name":"wp","href":"https:\/\/api.w.org\/{rel}","templated":true}]}}