{"id":3117,"date":"2024-09-17T12:29:13","date_gmt":"2024-09-17T15:29:13","guid":{"rendered":"https:\/\/cienciasdoestado.direito.ufmg.br\/?page_id=3117"},"modified":"2024-09-19T11:33:05","modified_gmt":"2024-09-19T14:33:05","slug":"optativas-2024-2","status":"publish","type":"page","link":"https:\/\/cienciasdoestado.direito.ufmg.br\/?page_id=3117","title":{"rendered":"Optativas 2024\/2"},"content":{"rendered":"<p><a href=\"https:\/\/cienciasdoestado.direito.ufmg.br\/wp-content\/uploads\/2024\/09\/Optativa-INU032-CE-Fabiana-de-Menezes-Legislab.pdf\" target=\"_blank\" rel=\"noopener\">T\u00f3picos em Legisla\u00e7\u00e3o e Pol\u00edt. P\u00fab.-Pr\u00e1t. Legis. Legislab II<\/a><\/p>\n<p><a href=\"https:\/\/cienciasdoestado.direito.ufmg.br\/wp-content\/uploads\/2024\/09\/DIP230-Topicos-em-Redes-Sociais-Administracao-Publica-Consensual.pdf\" target=\"_blank\" rel=\"noopener\">T\u00f3picos em Redes Sociais : Administra\u00e7\u00e3o P\u00fablica consensual<\/a><\/p>\n<p><a href=\"https:\/\/cienciasdoestado.direito.ufmg.br\/wp-content\/uploads\/2024\/09\/DIP226-Topicos-em-Historia-Politica-e-Consticional-do-Brasil-Reflexoes-classicas-e-contemporanea-sobre-o-federalismo.pdf\" target=\"_blank\" rel=\"noopener\">T\u00f3picos em Hist\u00f3ria Pol\u00edtica e Constitucional do Brasil: Reflex\u00f5es cl\u00e1ssicas e contempor\u00e2nea sobre o federalismo<\/a><\/p>\n<p><a href=\"https:\/\/cienciasdoestado.direito.ufmg.br\/wp-content\/uploads\/2024\/09\/DIP-229-Topicos-em-Procedimentos-de-controle-externo-da-administracao-regime-constitucional-dos-Tribunais-de-Contas.pdf\" target=\"_blank\" rel=\"noopener\">T\u00d3PICOS EM PROCEDIMENTOS DE CONTROLE EXTERNO DA ADMINISTRA\u00c7\u00c3O P\u00daBLICA: Regime Constitucional dos Tribunais de Contas<\/a><\/p>\n<p><a href=\"https:\/\/cienciasdoestado.direito.ufmg.br\/wp-content\/uploads\/2024\/09\/Optativa-DIT086-CE-Ricardo-Salgado-Crises-de-Estado-e-Excecao-Comparadas.pdf\" target=\"_blank\" rel=\"noopener\">V Semin\u00e1rio de Teoria comparada do Estado &#8211; Crises de Estado e exce\u00e7\u00e3o comparada<\/a><\/p>\n<p><a href=\"https:\/\/cienciasdoestado.direito.ufmg.br\/wp-content\/uploads\/2024\/09\/Optativa-DIT086-CE-Roberto-Novaes-Teoria-do-Estado-Sistemas-de-Informacao-e-IA.pdf\" target=\"_blank\" rel=\"noopener\">TOPICOS EM FILOSOFIA DO DIREITO E DO ESTADO &#8211; Teoria do Estado, Sistemas de Informa\u00e7\u00e3o e Intelig\u00eancia Artificial<\/a><\/p>\n<p><a href=\"https:\/\/cienciasdoestado.direito.ufmg.br\/wp-content\/uploads\/2024\/09\/Optativa-DIT089-CE-Maria-R.-Barbato-O-Trabalho-atraves-do-Cinema.pdf\" target=\"_blank\" rel=\"noopener\">O Trabalho atrav\u00e9s do Cinema<\/a><\/p>\n<p><a href=\"https:\/\/cienciasdoestado.direito.ufmg.br\/wp-content\/uploads\/2024\/09\/Optativa-DIT089-CE-Sielen-Vilhena-O-Direito-do-Trabalho-e-os-diversos-cotidianos-dos-trabalhadores.pdf\" target=\"_blank\" rel=\"noopener\">T\u00f3picos em Direito do Trabalho: O Direito do Trabalho e os diversos cotidianos dos trabalhadores<\/a><\/p>\n<p><a href=\"https:\/\/cienciasdoestado.direito.ufmg.br\/wp-content\/uploads\/2024\/09\/Optativa-DIT052-Direito-Maria-Fernanda-Corpo-e-Direito-entre-afetos-artes-e-justica.pdf\" target=\"_blank\" rel=\"noopener\">Corpo e Direito: entre afetos, artes e justi\u00e7a<\/a><\/p>\n<p><a href=\"https:\/\/cienciasdoestado.direito.ufmg.br\/wp-content\/uploads\/2024\/09\/Plano-de-ensino-de-Metodos-Alternativos-de-Resolucao-de-Conflitos.pdf\" target=\"_blank\" rel=\"noopener\">M\u00e9todos de Resolu\u00e7\u00e3o de Conflitos<\/a><\/p>\n<p><a href=\"https:\/\/cienciasdoestado.direito.ufmg.br\/wp-content\/uploads\/2024\/09\/Plano-de-Ensino-2023-Topicos-do-Terceiro-setor-Cooperativismo.pdf\" target=\"_blank\" rel=\"noopener\">T\u00f3picos Avan\u00e7ados do Terceiro Setor &#8211; Cooperativismo<\/a><\/p>\n<p><a href=\"https:\/\/cienciasdoestado.direito.ufmg.br\/wp-content\/uploads\/2024\/09\/Optativa-DIT052-Direito-Maria-Fernanda-Corpo-e-Direito-entre-afetos-artes-e-justica.pdf\" target=\"_blank\" rel=\"noopener\">TOPICOS EM \u00c9TICA E POL\u00cdTICA: Neuro\u00e9tica e Neurodireito<\/a><\/p>\n","protected":false},"excerpt":{"rendered":"<p>T\u00f3picos em Legisla\u00e7\u00e3o e Pol\u00edt. P\u00fab.-Pr\u00e1t. Legis. Legislab II T\u00f3picos em Redes Sociais : Administra\u00e7\u00e3o P\u00fablica consensual T\u00f3picos em Hist\u00f3ria Pol\u00edtica e Constitucional do Brasil: Reflex\u00f5es cl\u00e1ssicas e contempor\u00e2nea sobre&hellip;<\/p>\n","protected":false},"author":2,"featured_media":0,"parent":0,"menu_order":0,"comment_status":"closed","ping_status":"closed","template":"","meta":{"footnotes":""},"class_list":["post-3117","page","type-page","status-publish","hentry"],"publishpress_future_action":{"enabled":false,"date":"2026-04-28 21:57:17","action":"change-status","newStatus":"draft","terms":[],"taxonomy":"","extraData":[]},"publishpress_future_workflow_manual_trigger":{"enabledWorkflows":[]},"_links":{"self":[{"href":"https:\/\/cienciasdoestado.direito.ufmg.br\/index.php?rest_route=\/wp\/v2\/pages\/3117","targetHints":{"allow":["GET"]}}],"collection":[{"href":"https:\/\/cienciasdoestado.direito.ufmg.br\/index.php?rest_route=\/wp\/v2\/pages"}],"about":[{"href":"https:\/\/cienciasdoestado.direito.ufmg.br\/index.php?rest_route=\/wp\/v2\/types\/page"}],"author":[{"embeddable":true,"href":"https:\/\/cienciasdoestado.direito.ufmg.br\/index.php?rest_route=\/wp\/v2\/users\/2"}],"replies":[{"embeddable":true,"href":"https:\/\/cienciasdoestado.direito.ufmg.br\/index.php?rest_route=%2Fwp%2Fv2%2Fcomments&post=3117"}],"version-history":[{"count":6,"href":"https:\/\/cienciasdoestado.direito.ufmg.br\/index.php?rest_route=\/wp\/v2\/pages\/3117\/revisions"}],"predecessor-version":[{"id":3122,"href":"https:\/\/cienciasdoestado.direito.ufmg.br\/index.php?rest_route=\/wp\/v2\/pages\/3117\/revisions\/3122"}],"wp:attachment":[{"href":"https:\/\/cienciasdoestado.direito.ufmg.br\/index.php?rest_route=%2Fwp%2Fv2%2Fmedia&parent=3117"}],"curies":[{"name":"wp","href":"https:\/\/api.w.org\/{rel}","templated":true}]}}