{"id":928,"date":"2019-02-05T17:43:41","date_gmt":"2019-02-05T19:43:41","guid":{"rendered":"http:\/\/localhost\/colgradce\/?page_id=928"},"modified":"2023-11-06T14:22:27","modified_gmt":"2023-11-06T17:22:27","slug":"estrutura","status":"publish","type":"page","link":"https:\/\/cienciasdoestado.direito.ufmg.br\/?page_id=928","title":{"rendered":"Organiza\u00e7\u00e3o Did\u00e1tico Pedag\u00f3gica"},"content":{"rendered":"<p><strong>Grade Curricular<\/strong><\/p>\n<p><a href=\"https:\/\/cienciasdoestado.direito.ufmg.br\/wp-content\/uploads\/2022\/09\/PLANO-PEDAGOGICO-CE_Final.pdf\" target=\"_blank\" rel=\"noopener\">Projeto Pedag\u00f3gico 2022<\/a><\/p>\n<p><a href=\"https:\/\/cienciasdoestado.direito.ufmg.br\/wp-content\/uploads\/2020\/01\/PROJETO-POL%C3%8DTICO-PEDAG%C3%93GICO.pdf\" target=\"_blank\" rel=\"noopener\">Projeto Pedag\u00f3gico 2019<\/a><\/p>\n<p><a href=\"https:\/\/cienciasdoestado.direito.ufmg.br\/wp-content\/uploads\/2022\/06\/Versao-curricular-2022.pdf\" target=\"_blank\" rel=\"noopener\">Relat\u00f3rio de Vers\u00e3o Curricular D-2022<\/a><\/p>\n<p><a href=\".\/wp-content\/uploads\/arquivos\/estrutura\/relatorio_do_curso.pdf\" target=\"_blank\" rel=\"noopener\">Relat\u00f3rio de Vers\u00e3o Curricular D-2017<\/a><\/p>\n<p>&nbsp;<\/p>\n","protected":false},"excerpt":{"rendered":"<p>Grade Curricular Projeto Pedag\u00f3gico 2022 Projeto Pedag\u00f3gico 2019 Relat\u00f3rio de Vers\u00e3o Curricular D-2022 Relat\u00f3rio de Vers\u00e3o Curricular D-2017 &nbsp;<\/p>\n","protected":false},"author":1,"featured_media":0,"parent":0,"menu_order":0,"comment_status":"closed","ping_status":"closed","template":"","meta":{"footnotes":""},"class_list":["post-928","page","type-page","status-publish","hentry"],"publishpress_future_action":{"enabled":false,"date":"2026-04-28 00:37:59","action":"change-status","newStatus":"draft","terms":[],"taxonomy":"","extraData":[]},"publishpress_future_workflow_manual_trigger":{"enabledWorkflows":[]},"_links":{"self":[{"href":"https:\/\/cienciasdoestado.direito.ufmg.br\/index.php?rest_route=\/wp\/v2\/pages\/928","targetHints":{"allow":["GET"]}}],"collection":[{"href":"https:\/\/cienciasdoestado.direito.ufmg.br\/index.php?rest_route=\/wp\/v2\/pages"}],"about":[{"href":"https:\/\/cienciasdoestado.direito.ufmg.br\/index.php?rest_route=\/wp\/v2\/types\/page"}],"author":[{"embeddable":true,"href":"https:\/\/cienciasdoestado.direito.ufmg.br\/index.php?rest_route=\/wp\/v2\/users\/1"}],"replies":[{"embeddable":true,"href":"https:\/\/cienciasdoestado.direito.ufmg.br\/index.php?rest_route=%2Fwp%2Fv2%2Fcomments&post=928"}],"version-history":[{"count":3,"href":"https:\/\/cienciasdoestado.direito.ufmg.br\/index.php?rest_route=\/wp\/v2\/pages\/928\/revisions"}],"predecessor-version":[{"id":2837,"href":"https:\/\/cienciasdoestado.direito.ufmg.br\/index.php?rest_route=\/wp\/v2\/pages\/928\/revisions\/2837"}],"wp:attachment":[{"href":"https:\/\/cienciasdoestado.direito.ufmg.br\/index.php?rest_route=%2Fwp%2Fv2%2Fmedia&parent=928"}],"curies":[{"name":"wp","href":"https:\/\/api.w.org\/{rel}","templated":true}]}}